rime factors of 18208250?
2, 5, 173, 421
What are the prime factors of 2047310?
2, 5, 17, 12043
List the prime factors of 4095478.
2, 137, 14947
List the prime factors of 7670941.
7670941
What are the prime factors of 5972211?
3, 7, 3511
List the prime factors of 142654.
2, 71327
List the prime factors of 296255.
5, 193, 307
List the prime factors of 102021.
3, 31, 1097
What are the prime factors of 2411291?
2411291
List the prime factors of 118742.
2, 13, 4567
List the prime factors of 1073766.
2, 3, 19, 9419
What are the prime factors of 67641?
3, 7, 3221
What are the prime factors of 231014?
2, 7, 29, 569
What are the prime factors of 474859?
7, 11, 881
List the prime factors of 110052.
2, 3, 1019
What are the prime factors of 724169?
487, 1487
What are the prime factors of 22487245?
5, 11, 31, 109
List the prime factors of 2315865.
3, 5, 61, 2531
List the prime factors of 279935.
5, 55987
List the prime factors of 617114.
2, 97, 3181
List the prime factors of 4847026.
2, 431, 5623
List the prime factors of 658010.
2, 5, 29, 2269
List the prime factors of 17069926.
2, 137, 62299
List the prime factors of 1879283.
7, 67, 4007
List the prime factors of 2047088.
2, 97, 1319
What are the prime factors of 613471?
613471
What are the prime factors of 2440617?
3, 97, 8387
List the prime factors of 111136.
2, 23, 151
What are the prime factors of 543582?
2, 3, 13, 23, 101
List the prime factors of 13455829.
31, 277, 1567
What are the prime factors of 1783388?
2, 445847
What are the prime factors of 20028769?
3989, 5021
What are the prime factors of 703124?
2, 175781
What are the prime factors of 520097?
401, 1297
List the prime factors of 1330845.
3, 5, 17, 307
What are the prime factors of 3488116?
2, 41, 21269
What are the prime factors of 4116362?
2, 173, 11897
What are the prime factors of 240041?
240041
List the prime factors of 46566.
2, 3, 13, 199
What are the prime factors of 3610677?
3, 7, 171937
What are the prime factors of 25196?
2, 6299
What are the prime factors of 1248841?
11, 10321
List the prime factors of 7405604.
2, 1851401
What are the prime factors of 13664118?
2, 3, 13, 31, 5651
List the prime factors of 9389336.
2, 11, 23, 4639
What are the prime factors of 2496123?
3, 7, 47, 281
What are the prime factors of 3215058?
2, 3, 7, 11, 6959
What are the prime factors of 703364?
2, 101, 1741
List the prime factors of 126872.
2, 15859
List the prime factors of 1601589.
3, 11, 48533
List the prime factors of 336611.
11, 71, 431
What are the prime factors of 174987?
3, 6481
List the prime factors of 111862.
2, 55931
List the prime factors of 691615.
5, 138323
List the prime factors of 2550049.
1427, 1787
What are the prime factors of 108763?
61, 1783
What are the prime factors of 910891?
107, 8513
List the prime factors of 1877267.
7, 31, 41, 211
List the prime factors of 5499496.
2, 687437
What are the prime factors of 6570239?
13, 229, 2207
What are the prime factors of 503547?
3, 11, 15259
List the prime factors of 1006254.
2, 3, 55903
List the prime factors of 114352.
2, 7, 1021
What are the prime factors of 5427989?
7, 587, 1321
What are the prime factors of 15303040?
2, 5, 23911
What are the prime factors of 6689890?
2, 5, 668989
What are the prime factors of 303117?
3, 23, 191
What are the prime factors of 3716209?
7, 149, 509
List the prime factors of 1715050.
2, 5, 34301
What are the prime factors of 154268?
2, 38567
What are the prime factors of 79342?
2, 39671
What are the prime factors of 927784?
2, 11, 13, 811
What are the prime factors of 99897?
3, 7, 67, 71
What are the prime factors of 180916?
2, 31, 1459
List the prime factors of 127993.
17, 7529
List the prime factors of 212618.
2, 7, 15187
List the prime factors of 2075287.
353, 5879
List the prime factors of 12876.
2, 3, 29, 37
List the prime factors of 880981.
880981
What are the prime factors of 621902?
2, 53, 5867
List the prime factors of 26056423.
26056423
What are the prime factors of 47554?
2, 13, 31, 59
What are the prime factors of 635098?
2, 103, 3083
What are the prime factors of 92533?
7, 13219
List the prime factors of 139439.
139439
List the prime factors of 4408108.
2, 1102027
List the prime factors of 168317.
17, 9901
What are the prime factors of 2333082?
2, 3, 601, 647
What are the prime factors of 842158?
2, 421079
What are the prime factors of 13584466?
2, 7, 138617
List the prime factors of 923187.
3, 37, 8317
What are the prime factors of 4605817?
41, 112337
What are the prime factors of 363551?
363551
List the prime factors of 448020.
2, 3, 5, 19, 131
List the prime factors of 105379.
105379
List the prime factors of 389778.
2, 3, 167, 389
List the prime factors of 451421.
19, 23, 1033
What are the prime factors of 10853917?
29, 241, 1553
What are the prime factors of 4523?
4523
List the prime factors of 16852476.
2, 3, 41, 34253
What are the prime factors of 61009?
13, 19
List the prime factors of 195812.
2, 48953
What are the prime factors of 2510697?
3, 7, 119557
List the prime factors of 982740.
2, 3, 5, 11, 1489
List the prime factors of 2803839.
3, 934613
List the prime factors of 920117.
11, 233, 359
List the prime factors of 3570824.
2, 446353
List the prime factors of 72952.
2, 11, 829
What are the prime factors of 611196?
2, 3, 31, 53
What are the prime factors of 156343?
11, 61, 233
What are the prime factors of 8485447?
73, 116239
List the prime factors of 6034704.
2, 3, 13, 19, 509
List the prime factors of 508461.
3, 23, 7369
List the prime factors of 729266.
2, 17, 89, 241
What are the prime factors of 66916?
2, 16729
List the prime factors of 8457849.
3, 41, 22921
List the prime factors of 15932547.
3, 653, 2711
What are the prime factors of 123387?
3, 11, 3739
What are the prime factors of 173475?
3, 5, 257
List the prime factors of 5532573.
3, 37, 49843
List the prime factors of 3665109.
3, 7, 37, 53, 89
List the prime factors of 6677167.
7, 953881
List the prime factors of 779285.
5, 13, 19, 631
List the prime factors of 2276626.
2, 11, 103483
What are the prime factors of 344420?
2, 5, 17, 1013
List the prime factors of 2415056.
2, 7, 21563
What are the prime factors of 508821?
3, 169607
What are the prime factors of 352095?
3, 5, 23473
List the prime factors of 3261601.
7, 29, 16067
List the prime factors of 283594.
2, 17, 19, 439
List the prime factors of 2536941.
3, 11, 59, 1303
What are the prime factors of 12904789?
12904789
What are the prime factors of 1966461?
3, 7, 29, 3229
What are the prime factors of 4011038?
2, 2005519
List the prime factors of 109551.
3, 13, 53
List the prime factors of 819161.
7, 117023
List the prime factors of 4737447.
3, 11, 13, 409
What are the prime factors of 82174?
2, 181, 227
List the prime factors of 67208.
2, 31, 271
List the prime factors of 2817778.
2, 1408889
List the prime factors of 189776.
2, 29, 409
List the prime factors of 7578219.
3, 11, 131, 1753
What are the prime factors of 1497295?
5, 19, 15761
What are the prime factors of 8272339?
337, 24547
What are the prime factors of 32643821?
7, 29, 160807
List the prime factors of 530051.
530051
List the prime factors of 23694377.
7, 827, 4093
What are the prime factors of 6713821?
19, 353359
What are the prime factors of 428976?
2, 3, 331
List the prime factors of 8545404.
2, 3, 7, 14533
List the prime factors of 1043020.
2, 5, 11, 431
List the prime factors of 9569390.
2, 5, 31, 30869
What are the prime factors of 1923411?
3, 7, 91591
What are the prime factors of 1468450?
2, 5, 43, 683
What are the prime factors of 1641634?
2, 67, 12251
What are the prime factors of 41223111?
3, 43, 223, 1433
List the prime factors of 4606187.
23, 271, 739
List the prime factors of 188567.
101, 1867
List the prime factors of 6081468.
2, 3, 37, 13697
What are the prime factors of 2715781?
61, 211
What are the prime factors of 6867314?
2, 3433657
What are the prime factors of 3131598?
2, 3, 491, 1063
What are the prime factors of 33951842?
2, 16975921
List the prime factors of 596676.
2, 3, 19, 2617
List the prime factors of 717224.
2, 89653
What are the prime factors of 1644470?
2, 5, 164447
What are the prime factors of 936945?
3, 5, 47, 443
What are the prime factors of 11389001?
13, 876077
What are the prime factors of 306185?
5, 11,